{"id":285,"date":"2015-12-17T10:15:09","date_gmt":"2015-12-17T14:15:09","guid":{"rendered":"http:\/\/chugchilan.gob.ec\/cotopaxi\/?page_id=285"},"modified":"2024-01-24T14:32:02","modified_gmt":"2024-01-24T18:32:02","slug":"centro-de-informacion-y-asistencia-turistica","status":"publish","type":"page","link":"https:\/\/chugchilan.gob.ec\/cotopaxi\/ultimas-noticias\/centro-de-informacion-y-asistencia-turistica\/","title":{"rendered":"Centro de Informaci\u00f3n Tur\u00edstica"},"content":{"rendered":"<h4 style=\"text-align: right;\"><strong><span style=\"text-decoration: underline;\"><span style=\"color: #1f497d; font-family: Algerian; font-size: 14pt; text-decoration: underline;\"> <img loading=\"lazy\" decoding=\"async\" class=\"alignleft wp-image-1513\" src=\"https:\/\/chugchilan.gob.ec\/cotopaxi\/wp-content\/uploads\/2022\/04\/Turismo3-PhotoRoom1.png\" alt=\"\" width=\"313\" height=\"313\" srcset=\"https:\/\/chugchilan.gob.ec\/cotopaxi\/wp-content\/uploads\/2022\/04\/Turismo3-PhotoRoom1.png 500w, https:\/\/chugchilan.gob.ec\/cotopaxi\/wp-content\/uploads\/2022\/04\/Turismo3-PhotoRoom1-150x150.png 150w\" sizes=\"auto, (max-width: 313px) 100vw, 313px\" \/><\/span><\/span><\/strong><span style=\"color: #008000;\"><strong>CENTRO DE INFORMACI\u00d3N TUR\u00cdSTICA CHUGCHIL\u00c1N<\/strong><\/span><br \/>\n<span style=\"color: #008000;\"><strong>ADMINISTRACI\u00d3N 2023-2027<\/strong><\/span><\/h4>\n<p style=\"text-align: right;\"><img loading=\"lazy\" decoding=\"async\" class=\"alignnone  wp-image-2140\" src=\"https:\/\/chugchilan.gob.ec\/cotopaxi\/wp-content\/uploads\/2024\/01\/PORTADA-DE-TURISMO2_Mesa-de-trabajo-1-550x309.jpg\" alt=\"\" width=\"415\" height=\"233\" srcset=\"https:\/\/chugchilan.gob.ec\/cotopaxi\/wp-content\/uploads\/2024\/01\/PORTADA-DE-TURISMO2_Mesa-de-trabajo-1-550x309.jpg 550w, https:\/\/chugchilan.gob.ec\/cotopaxi\/wp-content\/uploads\/2024\/01\/PORTADA-DE-TURISMO2_Mesa-de-trabajo-1-768x432.jpg 768w\" sizes=\"auto, (max-width: 415px) 100vw, 415px\" \/><\/p>\n<h4 style=\"text-align: right;\">El Centro de Informaci\u00f3n Tur\u00edstica GAD Chugchil\u00e1n reabre sus puertas y los nuevos visitantes nacionales y extranjeros est\u00e1n visitando y enter\u00e1ndose de m\u00e1s atractivos y destinos de nuestra Parroquia. Adem\u00e1s los viajeros de todo el mundo que est\u00e1n planeando su viaje a Quilotoa y sus alrededores tienen actualizaciones de atractivos en las p\u00e1ginas de Facebook e Instagram, lo pueden encontrar como @turismo_chugchilan.<\/h4>\n<p style=\"text-align: center;\"><strong>\u00a1Click aqu\u00ed!<\/strong><\/p>\n<p><a href=\"https:\/\/www.facebook.com\/turismochugchilanoficial\"><img loading=\"lazy\" decoding=\"async\" class=\"aligncenter wp-image-1526\" src=\"https:\/\/chugchilan.gob.ec\/cotopaxi\/wp-content\/uploads\/2022\/04\/facebook-old-logo-.png\" alt=\"\" width=\"68\" height=\"40\" srcset=\"https:\/\/chugchilan.gob.ec\/cotopaxi\/wp-content\/uploads\/2022\/04\/facebook-old-logo-.png 1024w, https:\/\/chugchilan.gob.ec\/cotopaxi\/wp-content\/uploads\/2022\/04\/facebook-old-logo--550x322.png 550w, https:\/\/chugchilan.gob.ec\/cotopaxi\/wp-content\/uploads\/2022\/04\/facebook-old-logo--768x450.png 768w\" sizes=\"auto, (max-width: 68px) 100vw, 68px\" \/><\/a> \u00a0\u00a0\u00a0\u00a0\u00a0\u00a0\u00a0\u00a0\u00a0\u00a0 <a href=\"https:\/\/www.instagram.com\/turismo_chugchilan\/\"><img loading=\"lazy\" decoding=\"async\" class=\"wp-image-1525 aligncenter\" src=\"https:\/\/chugchilan.gob.ec\/cotopaxi\/wp-content\/uploads\/2022\/04\/instagram-logo-5.png\" alt=\"\" width=\"48\" height=\"46\" srcset=\"https:\/\/chugchilan.gob.ec\/cotopaxi\/wp-content\/uploads\/2022\/04\/instagram-logo-5.png 2100w, https:\/\/chugchilan.gob.ec\/cotopaxi\/wp-content\/uploads\/2022\/04\/instagram-logo-5-550x533.png 550w, https:\/\/chugchilan.gob.ec\/cotopaxi\/wp-content\/uploads\/2022\/04\/instagram-logo-5-768x745.png 768w\" sizes=\"auto, (max-width: 48px) 100vw, 48px\" \/><\/a><\/p>\n<p>&nbsp;<\/p>\n<p style=\"text-align: center;\"><img loading=\"lazy\" decoding=\"async\" class=\"alignnone  wp-image-2141\" src=\"https:\/\/chugchilan.gob.ec\/cotopaxi\/wp-content\/uploads\/2024\/01\/Mapa-Sigchos-isinlive-Chugchilan_Mesa-de-trabajo-1-550x389.jpg\" alt=\"\" width=\"690\" height=\"488\" srcset=\"https:\/\/chugchilan.gob.ec\/cotopaxi\/wp-content\/uploads\/2024\/01\/Mapa-Sigchos-isinlive-Chugchilan_Mesa-de-trabajo-1-550x389.jpg 550w, https:\/\/chugchilan.gob.ec\/cotopaxi\/wp-content\/uploads\/2024\/01\/Mapa-Sigchos-isinlive-Chugchilan_Mesa-de-trabajo-1-1024x724.jpg 1024w, https:\/\/chugchilan.gob.ec\/cotopaxi\/wp-content\/uploads\/2024\/01\/Mapa-Sigchos-isinlive-Chugchilan_Mesa-de-trabajo-1-768x543.jpg 768w, https:\/\/chugchilan.gob.ec\/cotopaxi\/wp-content\/uploads\/2024\/01\/Mapa-Sigchos-isinlive-Chugchilan_Mesa-de-trabajo-1-1536x1086.jpg 1536w, https:\/\/chugchilan.gob.ec\/cotopaxi\/wp-content\/uploads\/2024\/01\/Mapa-Sigchos-isinlive-Chugchilan_Mesa-de-trabajo-1-2048x1448.jpg 2048w\" sizes=\"auto, (max-width: 690px) 100vw, 690px\" \/><\/p>\n<p>&nbsp;<\/p>\n<p><img loading=\"lazy\" decoding=\"async\" class=\" wp-image-2142 aligncenter\" src=\"https:\/\/chugchilan.gob.ec\/cotopaxi\/wp-content\/uploads\/2024\/01\/Mapa-Chugchilan-Quilotoa_Mesa-de-trabajo-1-550x389.jpg\" alt=\"\" width=\"700\" height=\"495\" srcset=\"https:\/\/chugchilan.gob.ec\/cotopaxi\/wp-content\/uploads\/2024\/01\/Mapa-Chugchilan-Quilotoa_Mesa-de-trabajo-1-550x389.jpg 550w, https:\/\/chugchilan.gob.ec\/cotopaxi\/wp-content\/uploads\/2024\/01\/Mapa-Chugchilan-Quilotoa_Mesa-de-trabajo-1-1024x724.jpg 1024w, https:\/\/chugchilan.gob.ec\/cotopaxi\/wp-content\/uploads\/2024\/01\/Mapa-Chugchilan-Quilotoa_Mesa-de-trabajo-1-768x543.jpg 768w, https:\/\/chugchilan.gob.ec\/cotopaxi\/wp-content\/uploads\/2024\/01\/Mapa-Chugchilan-Quilotoa_Mesa-de-trabajo-1-1536x1086.jpg 1536w, https:\/\/chugchilan.gob.ec\/cotopaxi\/wp-content\/uploads\/2024\/01\/Mapa-Chugchilan-Quilotoa_Mesa-de-trabajo-1-2048x1448.jpg 2048w\" sizes=\"auto, (max-width: 700px) 100vw, 700px\" \/><\/p>\n<p>&nbsp;<\/p>\n<p>&nbsp;<\/p>\n<h2 style=\"text-align: center;\"><strong><span style=\"color: #008000;\"><span style=\"text-decoration: underline;\"><span style=\"font-family: Algerian; font-size: 14pt;\">GOBIERNO AUT\u00d3NOMO DESCENTRALIZADO PARROQUIAL RURAL \u00abCHUGCHIL\u00c1N\u00bb<br \/>\nADMINISTRACI\u00d3N 2023 &#8211; 2027<\/span><\/span><\/span><\/strong><\/h2>\n<p style=\"text-align: center;\" align=\"center\">\u00a0<strong><span style=\"color: #1f497d; font-size: medium;\">OFICINA DE INFORMACI\u00d3N TUR\u00cdSTICA.<br \/>\n<\/span><\/strong><\/p>\n<p style=\"text-align: center;\" align=\"center\"><a href=\"http:\/\/chugchilan.gob.ec\/cotopaxi\/wp-content\/uploads\/2015\/12\/Sello-Itur.jpg\"><img loading=\"lazy\" decoding=\"async\" class=\"alignnone wp-image-387 size-thumbnail\" src=\"http:\/\/chugchilan.gob.ec\/cotopaxi\/wp-content\/uploads\/2015\/12\/Sello-Itur-150x150.jpg\" alt=\"Sello Itur\" width=\"150\" height=\"150\" data-id=\"387\" srcset=\"https:\/\/chugchilan.gob.ec\/cotopaxi\/wp-content\/uploads\/2015\/12\/Sello-Itur-150x150.jpg 150w, https:\/\/chugchilan.gob.ec\/cotopaxi\/wp-content\/uploads\/2015\/12\/Sello-Itur-180x180.jpg 180w\" sizes=\"auto, (max-width: 150px) 100vw, 150px\" \/><\/a><\/p>\n<h3 style=\"text-align: justify;\"><span style=\"color: #ff6600;\">El Gobierno Aut\u00f3nomo Descentralizado Parroquial Rural de Chugchil\u00e1n con el firme compromiso de contribuir al desarrollo tur\u00edstico Parroquial implementa el Centro de Informaci\u00f3n y Asistencia Tur\u00edstica en la Parroquia, poniendo a disposici\u00f3n del p\u00fablico en general para informar, conocer, recorrer y disfrutar la belleza de la naturaleza y el encanto amable, cordial, hospitalario de su gente, adem\u00e1s emprender un trabajo conjunto entre todos y todas, para as\u00ed impulsar el turismo y hacer una fuente de desarrollo socioecon\u00f3mico de nuestra poblaci\u00f3n.<\/span><\/h3>\n<h2><\/h2>\n<h2><span style=\"color: #0000ff;\"><strong>MARCO LEGAL.<\/strong><\/span><\/h2>\n<address style=\"text-align: justify;\"><span style=\"color: #339966;\">El Art. 238 de la Constituci\u00f3n de la Rep\u00fablica del Ecuador dispone: \u201cLos Gobiernos Aut\u00f3nomos Descentralizados gozar\u00e1n de autonom\u00eda p\u00fablica, administrativa y financiera, y se regir\u00e1n por los principios de solidaridad, subsidiaridad, equidad interterritorial, integraci\u00f3n y participaci\u00f3n ciudadana. En ning\u00fan caso el ejercicio de la autonom\u00eda permitir\u00e1 la secesi\u00f3n del territorio nacional;<\/span><\/address>\n<address style=\"text-align: justify;\"><span style=\"color: #339966;\">Con fecha 11 de marzo del 2016 el Consejo Nacional de Competencia emite la resoluci\u00f3n N\u00b0. 0001-CNC-2016, con el fin de \u201cRegular las facultades y atribuciones de los GAD\u00b4s respecto al desarrollo de las actividades tur\u00edsticas en su suscripci\u00f3n territorial.<\/span><\/address>\n<address style=\"text-align: justify;\"><span style=\"color: #339966;\">El C\u00f3digo Org\u00e1nico de Organizaci\u00f3n Territorial, Autonom\u00edas y Descentralizaci\u00f3n (COOTAD), en su Art. 64 se\u00f1ala entre las funciones de los GAD\u2019s Parroquiales en el literal g) fomentar la inversi\u00f3n y desarrollo econ\u00f3mico especialmente de la econom\u00eda popular y solidaria, en sectores como la agricultura, ganader\u00eda, artesan\u00eda y <strong>TURISMO<\/strong>, entre otros, en coordinaci\u00f3n con los dem\u00e1s Gobiernos Aut\u00f3nomos Descentralizados.<\/span><\/address>\n<address><span style=\"color: #339966;\">El Art. 65 del COOTAD se\u00f1ala las competencias exclusivas de los GAD\u00b4s rurales donde expresa; Los gobiernos aut\u00f3nomos descentralizados parroquiales rurales ejercer\u00e1n las siguientes competencias exclusivas, sin perjuicio de otras que se determinen:<\/span><\/address>\n<address>\n<ol>\n<li><span style=\"color: #339966;\">Planificar junto con otras instituciones del sector p\u00fablico y actores de la sociedad el desarrollo parroquial y su correspondiente ordenamiento territorial, en coordinaci\u00f3n con el gobierno cantonal y provincial en el marco de la interculturalidad y plurinacionalidad y el respeto a la diversidad;<\/span><\/li>\n<\/ol>\n<\/address>\n<address>\u00a0<\/address>\n<address>\n<h2><span style=\"color: #0000ff;\"><strong>FUNCIONES.<\/strong><\/span><\/h2>\n<ul>\n<li style=\"text-align: justify;\">\n<address><span style=\"color: #339966;\">Facilitar informaci\u00f3n eficiente.<\/span><\/address>\n<\/li>\n<li style=\"text-align: justify;\">\n<address><span style=\"color: #339966;\">Orientar al turista de las actividades a desarrollar y los servicios existentes en el territorio.<\/span><\/address>\n<\/li>\n<li style=\"text-align: justify;\">\n<address><span style=\"color: #339966;\">Promocionar los atractivos, senderos y rutas tur\u00edsticas.<\/span><\/address>\n<\/li>\n<li style=\"text-align: justify;\">\n<address><span style=\"color: #339966;\">Brindar asesoramiento en temas tur\u00edsticos a desarrollar en la jurisdicci\u00f3n.<\/span><\/address>\n<\/li>\n<li style=\"text-align: justify;\">\n<address><span style=\"color: #339966;\">Apoyar al seguimiento de las adecuaciones y servicios tur\u00edsticos en la Parroquia.<\/span><\/address>\n<\/li>\n<\/ul>\n<address style=\"text-align: left;\">\u00a0<\/address>\n<\/address>\n<h2><span style=\"color: #0000ff;\"><strong>VALORES.<\/strong><\/span><\/h2>\n<address><span style=\"color: #339966;\">Constituyen la base fundamental del Centro de Informaci\u00f3n Tur\u00edstica tales como:<\/span><\/address>\n<ul style=\"text-align: justify;\">\n<li>\n<address><span style=\"color: #339966;\"><strong>Responsabilidad: <\/strong>Desarrollar las actividades de manera responsable y efectivo inherentes al funcionamiento de la oficina.<\/span><\/address>\n<\/li>\n<li>\n<address><span style=\"color: #339966;\"><strong>Honestidad: <\/strong>Emprender acciones bajo criterios de discernimiento \u00e9tico en las funciones de la oficina.<\/span><\/address>\n<\/li>\n<li>\n<address><span style=\"color: #339966;\"><strong>Respeto: <\/strong>Comprender y valorar la libertad de pensamiento y los derechos inherentes a cada persona.<\/span><\/address>\n<\/li>\n<li>\n<address><span style=\"color: #339966;\"><strong>Calidad: <\/strong>Atenci\u00f3n oportuna e integral de los servicios que ofrece la oficina, para garantizar la satisfacci\u00f3n de nuestros usuarios.<\/span><\/address>\n<\/li>\n<li>\n<address><span style=\"color: #339966;\"><strong>Equidad: <\/strong>Proveer los servicios a nuestros usuarios teniendo en cuenta sus necesidades.<\/span><\/address>\n<\/li>\n<li>\n<address><span style=\"color: #339966;\"><strong>Trabajo en Equipo: <\/strong>El trabajo conjunto permitir\u00e1 crear, innovar productos y servicios con el fin de lograr establecer como un destino tur\u00edstico a nuestra Parroquia.<\/span><\/address>\n<\/li>\n<\/ul>\n<h4 style=\"text-align: center;\"><\/h4>\n<h4 style=\"text-align: center;\"><span style=\"color: #ffcc99;\">\u00abChugchil\u00e1n Centro Tur\u00edstico de los P\u00e1ramos Andinos\u00bb<\/span><\/h4>\n<p>&nbsp;<\/p>\n<p>&nbsp;<\/p>\n","protected":false},"excerpt":{"rendered":"<p>CENTRO DE INFORMACI\u00d3N TUR\u00cdSTICA CHUGCHIL\u00c1N ADMINISTRACI\u00d3N 2023-2027 El Centro de Informaci\u00f3n Tur\u00edstica GAD Chugchil\u00e1n reabre sus puertas y los nuevos visitantes nacionales y extranjeros est\u00e1n visitando y enter\u00e1ndose de m\u00e1s atractivos y destinos de nuestra Parroquia. Adem\u00e1s los viajeros de todo el mundo que est\u00e1n planeando su viaje a Quilotoa y sus alrededores tienen actualizaciones [&hellip;]<\/p>\n","protected":false},"author":2,"featured_media":0,"parent":21,"menu_order":0,"comment_status":"closed","ping_status":"closed","template":"","meta":{"footnotes":""},"class_list":["post-285","page","type-page","status-publish","hentry"],"yoast_head":"<!-- This site is optimized with the Yoast SEO plugin v24.2 - https:\/\/yoast.com\/wordpress\/plugins\/seo\/ -->\n<title>Centro de Informaci\u00f3n Tur\u00edstica - GAD parroquial Chugchil\u00e1n<\/title>\n<meta name=\"robots\" content=\"index, follow, max-snippet:-1, max-image-preview:large, max-video-preview:-1\" \/>\n<link rel=\"canonical\" href=\"https:\/\/chugchilan.gob.ec\/cotopaxi\/ultimas-noticias\/centro-de-informacion-y-asistencia-turistica\/\" \/>\n<meta property=\"og:locale\" content=\"es_ES\" \/>\n<meta property=\"og:type\" content=\"article\" \/>\n<meta property=\"og:title\" content=\"Centro de Informaci\u00f3n Tur\u00edstica - GAD parroquial Chugchil\u00e1n\" \/>\n<meta property=\"og:description\" content=\"CENTRO DE INFORMACI\u00d3N TUR\u00cdSTICA CHUGCHIL\u00c1N ADMINISTRACI\u00d3N 2023-2027 El Centro de Informaci\u00f3n Tur\u00edstica GAD Chugchil\u00e1n reabre sus puertas y los nuevos visitantes nacionales y extranjeros est\u00e1n visitando y enter\u00e1ndose de m\u00e1s atractivos y destinos de nuestra Parroquia. Adem\u00e1s los viajeros de todo el mundo que est\u00e1n planeando su viaje a Quilotoa y sus alrededores tienen actualizaciones [&hellip;]\" \/>\n<meta property=\"og:url\" content=\"https:\/\/chugchilan.gob.ec\/cotopaxi\/ultimas-noticias\/centro-de-informacion-y-asistencia-turistica\/\" \/>\n<meta property=\"og:site_name\" content=\"GAD parroquial Chugchil\u00e1n\" \/>\n<meta property=\"article:modified_time\" content=\"2024-01-24T18:32:02+00:00\" \/>\n<meta property=\"og:image\" content=\"https:\/\/chugchilan.gob.ec\/cotopaxi\/wp-content\/uploads\/2022\/04\/Turismo3-PhotoRoom1.png\" \/>\n<meta name=\"twitter:card\" content=\"summary_large_image\" \/>\n<meta name=\"twitter:label1\" content=\"Tiempo de lectura\" \/>\n\t<meta name=\"twitter:data1\" content=\"4 minutos\" \/>\n<script type=\"application\/ld+json\" class=\"yoast-schema-graph\">{\"@context\":\"https:\/\/schema.org\",\"@graph\":[{\"@type\":\"WebPage\",\"@id\":\"https:\/\/chugchilan.gob.ec\/cotopaxi\/ultimas-noticias\/centro-de-informacion-y-asistencia-turistica\/\",\"url\":\"https:\/\/chugchilan.gob.ec\/cotopaxi\/ultimas-noticias\/centro-de-informacion-y-asistencia-turistica\/\",\"name\":\"Centro de Informaci\u00f3n Tur\u00edstica - GAD parroquial Chugchil\u00e1n\",\"isPartOf\":{\"@id\":\"https:\/\/chugchilan.gob.ec\/cotopaxi\/#website\"},\"primaryImageOfPage\":{\"@id\":\"https:\/\/chugchilan.gob.ec\/cotopaxi\/ultimas-noticias\/centro-de-informacion-y-asistencia-turistica\/#primaryimage\"},\"image\":{\"@id\":\"https:\/\/chugchilan.gob.ec\/cotopaxi\/ultimas-noticias\/centro-de-informacion-y-asistencia-turistica\/#primaryimage\"},\"thumbnailUrl\":\"https:\/\/chugchilan.gob.ec\/cotopaxi\/wp-content\/uploads\/2022\/04\/Turismo3-PhotoRoom1.png\",\"datePublished\":\"2015-12-17T14:15:09+00:00\",\"dateModified\":\"2024-01-24T18:32:02+00:00\",\"breadcrumb\":{\"@id\":\"https:\/\/chugchilan.gob.ec\/cotopaxi\/ultimas-noticias\/centro-de-informacion-y-asistencia-turistica\/#breadcrumb\"},\"inLanguage\":\"es\",\"potentialAction\":[{\"@type\":\"ReadAction\",\"target\":[\"https:\/\/chugchilan.gob.ec\/cotopaxi\/ultimas-noticias\/centro-de-informacion-y-asistencia-turistica\/\"]}]},{\"@type\":\"ImageObject\",\"inLanguage\":\"es\",\"@id\":\"https:\/\/chugchilan.gob.ec\/cotopaxi\/ultimas-noticias\/centro-de-informacion-y-asistencia-turistica\/#primaryimage\",\"url\":\"https:\/\/chugchilan.gob.ec\/cotopaxi\/wp-content\/uploads\/2022\/04\/Turismo3-PhotoRoom1.png\",\"contentUrl\":\"https:\/\/chugchilan.gob.ec\/cotopaxi\/wp-content\/uploads\/2022\/04\/Turismo3-PhotoRoom1.png\",\"width\":500,\"height\":500},{\"@type\":\"BreadcrumbList\",\"@id\":\"https:\/\/chugchilan.gob.ec\/cotopaxi\/ultimas-noticias\/centro-de-informacion-y-asistencia-turistica\/#breadcrumb\",\"itemListElement\":[{\"@type\":\"ListItem\",\"position\":1,\"name\":\"Home\",\"item\":\"https:\/\/chugchilan.gob.ec\/cotopaxi\/\"},{\"@type\":\"ListItem\",\"position\":2,\"name\":\"Construcci\u00f3n de Puente en sector el Sigue\",\"item\":\"https:\/\/chugchilan.gob.ec\/cotopaxi\/ultimas-noticias\/\"},{\"@type\":\"ListItem\",\"position\":3,\"name\":\"Centro de Informaci\u00f3n Tur\u00edstica\"}]},{\"@type\":\"WebSite\",\"@id\":\"https:\/\/chugchilan.gob.ec\/cotopaxi\/#website\",\"url\":\"https:\/\/chugchilan.gob.ec\/cotopaxi\/\",\"name\":\"GAD Parroquial de Chugchil\u00e1n\",\"description\":\"Sitio Oficial del GAD Parroquial de Chugchil\u00e1n Cotopaxi\",\"publisher\":{\"@id\":\"https:\/\/chugchilan.gob.ec\/cotopaxi\/#organization\"},\"potentialAction\":[{\"@type\":\"SearchAction\",\"target\":{\"@type\":\"EntryPoint\",\"urlTemplate\":\"https:\/\/chugchilan.gob.ec\/cotopaxi\/?s={search_term_string}\"},\"query-input\":{\"@type\":\"PropertyValueSpecification\",\"valueRequired\":true,\"valueName\":\"search_term_string\"}}],\"inLanguage\":\"es\"},{\"@type\":\"Organization\",\"@id\":\"https:\/\/chugchilan.gob.ec\/cotopaxi\/#organization\",\"name\":\"GAD Parroquial de Chugchil\u00e1n\",\"url\":\"https:\/\/chugchilan.gob.ec\/cotopaxi\/\",\"logo\":{\"@type\":\"ImageObject\",\"inLanguage\":\"es\",\"@id\":\"https:\/\/chugchilan.gob.ec\/cotopaxi\/#\/schema\/logo\/image\/\",\"url\":\"https:\/\/chugchilan.gob.ec\/cotopaxi\/wp-content\/uploads\/2020\/06\/logoFooter.png\",\"contentUrl\":\"https:\/\/chugchilan.gob.ec\/cotopaxi\/wp-content\/uploads\/2020\/06\/logoFooter.png\",\"width\":160,\"height\":156,\"caption\":\"GAD Parroquial de Chugchil\u00e1n\"},\"image\":{\"@id\":\"https:\/\/chugchilan.gob.ec\/cotopaxi\/#\/schema\/logo\/image\/\"}}]}<\/script>\n<!-- \/ Yoast SEO plugin. -->","yoast_head_json":{"title":"Centro de Informaci\u00f3n Tur\u00edstica - GAD parroquial Chugchil\u00e1n","robots":{"index":"index","follow":"follow","max-snippet":"max-snippet:-1","max-image-preview":"max-image-preview:large","max-video-preview":"max-video-preview:-1"},"canonical":"https:\/\/chugchilan.gob.ec\/cotopaxi\/ultimas-noticias\/centro-de-informacion-y-asistencia-turistica\/","og_locale":"es_ES","og_type":"article","og_title":"Centro de Informaci\u00f3n Tur\u00edstica - GAD parroquial Chugchil\u00e1n","og_description":"CENTRO DE INFORMACI\u00d3N TUR\u00cdSTICA CHUGCHIL\u00c1N ADMINISTRACI\u00d3N 2023-2027 El Centro de Informaci\u00f3n Tur\u00edstica GAD Chugchil\u00e1n reabre sus puertas y los nuevos visitantes nacionales y extranjeros est\u00e1n visitando y enter\u00e1ndose de m\u00e1s atractivos y destinos de nuestra Parroquia. Adem\u00e1s los viajeros de todo el mundo que est\u00e1n planeando su viaje a Quilotoa y sus alrededores tienen actualizaciones [&hellip;]","og_url":"https:\/\/chugchilan.gob.ec\/cotopaxi\/ultimas-noticias\/centro-de-informacion-y-asistencia-turistica\/","og_site_name":"GAD parroquial Chugchil\u00e1n","article_modified_time":"2024-01-24T18:32:02+00:00","og_image":[{"url":"https:\/\/chugchilan.gob.ec\/cotopaxi\/wp-content\/uploads\/2022\/04\/Turismo3-PhotoRoom1.png","type":"","width":"","height":""}],"twitter_card":"summary_large_image","twitter_misc":{"Tiempo de lectura":"4 minutos"},"schema":{"@context":"https:\/\/schema.org","@graph":[{"@type":"WebPage","@id":"https:\/\/chugchilan.gob.ec\/cotopaxi\/ultimas-noticias\/centro-de-informacion-y-asistencia-turistica\/","url":"https:\/\/chugchilan.gob.ec\/cotopaxi\/ultimas-noticias\/centro-de-informacion-y-asistencia-turistica\/","name":"Centro de Informaci\u00f3n Tur\u00edstica - GAD parroquial Chugchil\u00e1n","isPartOf":{"@id":"https:\/\/chugchilan.gob.ec\/cotopaxi\/#website"},"primaryImageOfPage":{"@id":"https:\/\/chugchilan.gob.ec\/cotopaxi\/ultimas-noticias\/centro-de-informacion-y-asistencia-turistica\/#primaryimage"},"image":{"@id":"https:\/\/chugchilan.gob.ec\/cotopaxi\/ultimas-noticias\/centro-de-informacion-y-asistencia-turistica\/#primaryimage"},"thumbnailUrl":"https:\/\/chugchilan.gob.ec\/cotopaxi\/wp-content\/uploads\/2022\/04\/Turismo3-PhotoRoom1.png","datePublished":"2015-12-17T14:15:09+00:00","dateModified":"2024-01-24T18:32:02+00:00","breadcrumb":{"@id":"https:\/\/chugchilan.gob.ec\/cotopaxi\/ultimas-noticias\/centro-de-informacion-y-asistencia-turistica\/#breadcrumb"},"inLanguage":"es","potentialAction":[{"@type":"ReadAction","target":["https:\/\/chugchilan.gob.ec\/cotopaxi\/ultimas-noticias\/centro-de-informacion-y-asistencia-turistica\/"]}]},{"@type":"ImageObject","inLanguage":"es","@id":"https:\/\/chugchilan.gob.ec\/cotopaxi\/ultimas-noticias\/centro-de-informacion-y-asistencia-turistica\/#primaryimage","url":"https:\/\/chugchilan.gob.ec\/cotopaxi\/wp-content\/uploads\/2022\/04\/Turismo3-PhotoRoom1.png","contentUrl":"https:\/\/chugchilan.gob.ec\/cotopaxi\/wp-content\/uploads\/2022\/04\/Turismo3-PhotoRoom1.png","width":500,"height":500},{"@type":"BreadcrumbList","@id":"https:\/\/chugchilan.gob.ec\/cotopaxi\/ultimas-noticias\/centro-de-informacion-y-asistencia-turistica\/#breadcrumb","itemListElement":[{"@type":"ListItem","position":1,"name":"Home","item":"https:\/\/chugchilan.gob.ec\/cotopaxi\/"},{"@type":"ListItem","position":2,"name":"Construcci\u00f3n de Puente en sector el Sigue","item":"https:\/\/chugchilan.gob.ec\/cotopaxi\/ultimas-noticias\/"},{"@type":"ListItem","position":3,"name":"Centro de Informaci\u00f3n Tur\u00edstica"}]},{"@type":"WebSite","@id":"https:\/\/chugchilan.gob.ec\/cotopaxi\/#website","url":"https:\/\/chugchilan.gob.ec\/cotopaxi\/","name":"GAD Parroquial de Chugchil\u00e1n","description":"Sitio Oficial del GAD Parroquial de Chugchil\u00e1n Cotopaxi","publisher":{"@id":"https:\/\/chugchilan.gob.ec\/cotopaxi\/#organization"},"potentialAction":[{"@type":"SearchAction","target":{"@type":"EntryPoint","urlTemplate":"https:\/\/chugchilan.gob.ec\/cotopaxi\/?s={search_term_string}"},"query-input":{"@type":"PropertyValueSpecification","valueRequired":true,"valueName":"search_term_string"}}],"inLanguage":"es"},{"@type":"Organization","@id":"https:\/\/chugchilan.gob.ec\/cotopaxi\/#organization","name":"GAD Parroquial de Chugchil\u00e1n","url":"https:\/\/chugchilan.gob.ec\/cotopaxi\/","logo":{"@type":"ImageObject","inLanguage":"es","@id":"https:\/\/chugchilan.gob.ec\/cotopaxi\/#\/schema\/logo\/image\/","url":"https:\/\/chugchilan.gob.ec\/cotopaxi\/wp-content\/uploads\/2020\/06\/logoFooter.png","contentUrl":"https:\/\/chugchilan.gob.ec\/cotopaxi\/wp-content\/uploads\/2020\/06\/logoFooter.png","width":160,"height":156,"caption":"GAD Parroquial de Chugchil\u00e1n"},"image":{"@id":"https:\/\/chugchilan.gob.ec\/cotopaxi\/#\/schema\/logo\/image\/"}}]}},"_links":{"self":[{"href":"https:\/\/chugchilan.gob.ec\/cotopaxi\/wp-json\/wp\/v2\/pages\/285","targetHints":{"allow":["GET"]}}],"collection":[{"href":"https:\/\/chugchilan.gob.ec\/cotopaxi\/wp-json\/wp\/v2\/pages"}],"about":[{"href":"https:\/\/chugchilan.gob.ec\/cotopaxi\/wp-json\/wp\/v2\/types\/page"}],"author":[{"embeddable":true,"href":"https:\/\/chugchilan.gob.ec\/cotopaxi\/wp-json\/wp\/v2\/users\/2"}],"replies":[{"embeddable":true,"href":"https:\/\/chugchilan.gob.ec\/cotopaxi\/wp-json\/wp\/v2\/comments?post=285"}],"version-history":[{"count":18,"href":"https:\/\/chugchilan.gob.ec\/cotopaxi\/wp-json\/wp\/v2\/pages\/285\/revisions"}],"predecessor-version":[{"id":2143,"href":"https:\/\/chugchilan.gob.ec\/cotopaxi\/wp-json\/wp\/v2\/pages\/285\/revisions\/2143"}],"up":[{"embeddable":true,"href":"https:\/\/chugchilan.gob.ec\/cotopaxi\/wp-json\/wp\/v2\/pages\/21"}],"wp:attachment":[{"href":"https:\/\/chugchilan.gob.ec\/cotopaxi\/wp-json\/wp\/v2\/media?parent=285"}],"curies":[{"name":"wp","href":"https:\/\/api.w.org\/{rel}","templated":true}]}}