{"id":288,"date":"2015-12-17T10:17:33","date_gmt":"2015-12-17T14:17:33","guid":{"rendered":"http:\/\/chugchilan.gob.ec\/cotopaxi\/?page_id=288"},"modified":"2026-02-04T11:33:39","modified_gmt":"2026-02-04T15:33:39","slug":"reglamentos","status":"publish","type":"page","link":"https:\/\/chugchilan.gob.ec\/cotopaxi\/reglamentos\/","title":{"rendered":"Reglamentos"},"content":{"rendered":"<p style=\"text-align: center;\"><strong><span style=\"text-decoration: underline;\"><span style=\"color: #1f497d; font-family: Algerian; font-size: 14pt;\">GOBIERNO AUT\u00d3NOMO DESCENTRALIZADO PARROQUIAL RURAL \u00abCHUGCHIL\u00c1N\u00bb<\/span><\/span><\/strong><\/p>\n<p style=\"text-align: center;\"><strong><span style=\"text-decoration: underline;\"><span style=\"color: #1f497d; font-family: Algerian; font-size: 14pt;\">ADMINISTRACI\u00d3N 2014 &#8211; 2019<\/span><\/span><\/strong><\/p>\n<p style=\"text-align: justify;\" align=\"center\">El Gobierno Parroquial a emitido diferentes REGLAMENTOS a nivel interno de la Instituci\u00f3n y la Parroquia, mismos que permitir\u00e1n desempe\u00f1ar las actividades de una mejor manera:<strong><span style=\"color: #1f497d; font-size: medium;\"><br \/>\n<\/span><\/strong><\/p>\n<p style=\"text-align: justify;\" align=\"center\">LOS REGLAMENTOS APROBADOS SON:<\/p>\n<p>1.- <strong>Reglamento de la Silla Vac\u00eda, <\/strong>mismo que fue conocido, discutido y aprobado por el GAD Parroquial, en Sesi\u00f3n Ordinaria de fecha 29 de agosto del a\u00f1o 2014.<strong><br \/>\n<\/strong><\/p>\n<p>2.- <strong>Reglamento de Sesiones, <\/strong>mismo que fue conocido, discutido y aprobado por el GAD Parroquial, en Sesi\u00f3n Ordinaria de fecha 24 de octubre del a\u00f1o 2014.<\/p>\n<p>3.- <strong>Reglamento de Administraci\u00f3n del Mercado Central de la Parroquia Chugchil\u00e1n, <\/strong>dado en la sala de sesiones del GAD Parroquial, a los 04 d\u00edas del mes de septiembre de 2015.<\/p>\n<p>4.- <strong>Reglamento para el Uso, Control, Funcionamiento y Mantenimiento de las Maquinarias del Gobierno Parroquial Rural de Chugchil\u00e1n, d<\/strong>ado en la sala de sesiones del GAD Parroquial, a los 24 d\u00edas del mes de diciembre de 2015.<strong><br \/>\n<\/strong><\/p>\n<p><strong>LINK DE ACCESO A LOS REGLAMENTOS:<\/strong><\/p>\n<p><em><span lang=\"ES\">REGLAMENTO DEL ESTATUTO DEL ORG\u00c1NICO DE GESTI\u00d3N ORGANIZACIONAL POR PROCESOS DEL GOBIERNO AUT\u00d3NOMO DESCENTRALIZADO PARROQUIAL RURAL DE CHUGCHILAN<\/span><\/em><\/p>\n<p><a href=\"https:\/\/chugchilan.gob.ec\/cotopaxi\/wp-content\/uploads\/2026\/02\/4.5-Reglamento-del-Organico-de-Gestion-1.docx\">4.5- Reglamento del Organico de Gesti\u00f3n (1)<\/a><\/p>\n<p><em>REGLAMENTO INTERNO DE ADMINISTRACI\u00d3N DEL TALENTO HUMANO DELGOBIERNO DESCENTRALIZADO PARROQUIAL RURAL DE CHUGCHIL\u00c1N.<\/em><\/p>\n<p><a href=\"https:\/\/chugchilan.gob.ec\/cotopaxi\/wp-content\/uploads\/2026\/02\/4.1-REGLAMENTO-INTERNO-DE-TALENTO-HUMANO-1.docx\">4.1- REGLAMENTO INTERNO DE TALENTO HUMANO (1)<\/a><\/p>\n<p><span style=\"color: #800000;\"><strong>PROXIMAMENTE:<\/strong><\/span><\/p>\n<p><span style=\"color: #3366ff;\">La Gaceta Oficial del GAD PARROQUIAL.<\/span><\/p>\n","protected":false},"excerpt":{"rendered":"<p>GOBIERNO AUT\u00d3NOMO DESCENTRALIZADO PARROQUIAL RURAL \u00abCHUGCHIL\u00c1N\u00bb ADMINISTRACI\u00d3N 2014 &#8211; 2019 El Gobierno Parroquial a emitido diferentes REGLAMENTOS a nivel interno de la Instituci\u00f3n y la Parroquia, mismos que permitir\u00e1n desempe\u00f1ar las actividades de una mejor manera: LOS REGLAMENTOS APROBADOS SON: 1.- Reglamento de la Silla Vac\u00eda, mismo que fue conocido, discutido y aprobado por el [&hellip;]<\/p>\n","protected":false},"author":2,"featured_media":0,"parent":0,"menu_order":0,"comment_status":"closed","ping_status":"closed","template":"","meta":{"footnotes":""},"class_list":["post-288","page","type-page","status-publish","hentry"],"yoast_head":"<!-- This site is optimized with the Yoast SEO plugin v24.2 - https:\/\/yoast.com\/wordpress\/plugins\/seo\/ -->\n<title>Reglamentos - GAD parroquial Chugchil\u00e1n<\/title>\n<meta name=\"robots\" content=\"index, follow, max-snippet:-1, max-image-preview:large, max-video-preview:-1\" \/>\n<link rel=\"canonical\" href=\"https:\/\/chugchilan.gob.ec\/cotopaxi\/reglamentos\/\" \/>\n<meta property=\"og:locale\" content=\"es_ES\" \/>\n<meta property=\"og:type\" content=\"article\" \/>\n<meta property=\"og:title\" content=\"Reglamentos - GAD parroquial Chugchil\u00e1n\" \/>\n<meta property=\"og:description\" content=\"GOBIERNO AUT\u00d3NOMO DESCENTRALIZADO PARROQUIAL RURAL \u00abCHUGCHIL\u00c1N\u00bb ADMINISTRACI\u00d3N 2014 &#8211; 2019 El Gobierno Parroquial a emitido diferentes REGLAMENTOS a nivel interno de la Instituci\u00f3n y la Parroquia, mismos que permitir\u00e1n desempe\u00f1ar las actividades de una mejor manera: LOS REGLAMENTOS APROBADOS SON: 1.- Reglamento de la Silla Vac\u00eda, mismo que fue conocido, discutido y aprobado por el [&hellip;]\" \/>\n<meta property=\"og:url\" content=\"https:\/\/chugchilan.gob.ec\/cotopaxi\/reglamentos\/\" \/>\n<meta property=\"og:site_name\" content=\"GAD parroquial Chugchil\u00e1n\" \/>\n<meta property=\"article:modified_time\" content=\"2026-02-04T15:33:39+00:00\" \/>\n<meta name=\"twitter:card\" content=\"summary_large_image\" \/>\n<meta name=\"twitter:label1\" content=\"Tiempo de lectura\" \/>\n\t<meta name=\"twitter:data1\" content=\"2 minutos\" \/>\n<script type=\"application\/ld+json\" class=\"yoast-schema-graph\">{\"@context\":\"https:\/\/schema.org\",\"@graph\":[{\"@type\":\"WebPage\",\"@id\":\"https:\/\/chugchilan.gob.ec\/cotopaxi\/reglamentos\/\",\"url\":\"https:\/\/chugchilan.gob.ec\/cotopaxi\/reglamentos\/\",\"name\":\"Reglamentos - GAD parroquial Chugchil\u00e1n\",\"isPartOf\":{\"@id\":\"https:\/\/chugchilan.gob.ec\/cotopaxi\/#website\"},\"datePublished\":\"2015-12-17T14:17:33+00:00\",\"dateModified\":\"2026-02-04T15:33:39+00:00\",\"breadcrumb\":{\"@id\":\"https:\/\/chugchilan.gob.ec\/cotopaxi\/reglamentos\/#breadcrumb\"},\"inLanguage\":\"es\",\"potentialAction\":[{\"@type\":\"ReadAction\",\"target\":[\"https:\/\/chugchilan.gob.ec\/cotopaxi\/reglamentos\/\"]}]},{\"@type\":\"BreadcrumbList\",\"@id\":\"https:\/\/chugchilan.gob.ec\/cotopaxi\/reglamentos\/#breadcrumb\",\"itemListElement\":[{\"@type\":\"ListItem\",\"position\":1,\"name\":\"Home\",\"item\":\"https:\/\/chugchilan.gob.ec\/cotopaxi\/\"},{\"@type\":\"ListItem\",\"position\":2,\"name\":\"Reglamentos\"}]},{\"@type\":\"WebSite\",\"@id\":\"https:\/\/chugchilan.gob.ec\/cotopaxi\/#website\",\"url\":\"https:\/\/chugchilan.gob.ec\/cotopaxi\/\",\"name\":\"GAD Parroquial de Chugchil\u00e1n\",\"description\":\"Sitio Oficial del GAD Parroquial de Chugchil\u00e1n Cotopaxi\",\"publisher\":{\"@id\":\"https:\/\/chugchilan.gob.ec\/cotopaxi\/#organization\"},\"potentialAction\":[{\"@type\":\"SearchAction\",\"target\":{\"@type\":\"EntryPoint\",\"urlTemplate\":\"https:\/\/chugchilan.gob.ec\/cotopaxi\/?s={search_term_string}\"},\"query-input\":{\"@type\":\"PropertyValueSpecification\",\"valueRequired\":true,\"valueName\":\"search_term_string\"}}],\"inLanguage\":\"es\"},{\"@type\":\"Organization\",\"@id\":\"https:\/\/chugchilan.gob.ec\/cotopaxi\/#organization\",\"name\":\"GAD Parroquial de Chugchil\u00e1n\",\"url\":\"https:\/\/chugchilan.gob.ec\/cotopaxi\/\",\"logo\":{\"@type\":\"ImageObject\",\"inLanguage\":\"es\",\"@id\":\"https:\/\/chugchilan.gob.ec\/cotopaxi\/#\/schema\/logo\/image\/\",\"url\":\"https:\/\/chugchilan.gob.ec\/cotopaxi\/wp-content\/uploads\/2020\/06\/logoFooter.png\",\"contentUrl\":\"https:\/\/chugchilan.gob.ec\/cotopaxi\/wp-content\/uploads\/2020\/06\/logoFooter.png\",\"width\":160,\"height\":156,\"caption\":\"GAD Parroquial de Chugchil\u00e1n\"},\"image\":{\"@id\":\"https:\/\/chugchilan.gob.ec\/cotopaxi\/#\/schema\/logo\/image\/\"}}]}<\/script>\n<!-- \/ Yoast SEO plugin. -->","yoast_head_json":{"title":"Reglamentos - GAD parroquial Chugchil\u00e1n","robots":{"index":"index","follow":"follow","max-snippet":"max-snippet:-1","max-image-preview":"max-image-preview:large","max-video-preview":"max-video-preview:-1"},"canonical":"https:\/\/chugchilan.gob.ec\/cotopaxi\/reglamentos\/","og_locale":"es_ES","og_type":"article","og_title":"Reglamentos - GAD parroquial Chugchil\u00e1n","og_description":"GOBIERNO AUT\u00d3NOMO DESCENTRALIZADO PARROQUIAL RURAL \u00abCHUGCHIL\u00c1N\u00bb ADMINISTRACI\u00d3N 2014 &#8211; 2019 El Gobierno Parroquial a emitido diferentes REGLAMENTOS a nivel interno de la Instituci\u00f3n y la Parroquia, mismos que permitir\u00e1n desempe\u00f1ar las actividades de una mejor manera: LOS REGLAMENTOS APROBADOS SON: 1.- Reglamento de la Silla Vac\u00eda, mismo que fue conocido, discutido y aprobado por el [&hellip;]","og_url":"https:\/\/chugchilan.gob.ec\/cotopaxi\/reglamentos\/","og_site_name":"GAD parroquial Chugchil\u00e1n","article_modified_time":"2026-02-04T15:33:39+00:00","twitter_card":"summary_large_image","twitter_misc":{"Tiempo de lectura":"2 minutos"},"schema":{"@context":"https:\/\/schema.org","@graph":[{"@type":"WebPage","@id":"https:\/\/chugchilan.gob.ec\/cotopaxi\/reglamentos\/","url":"https:\/\/chugchilan.gob.ec\/cotopaxi\/reglamentos\/","name":"Reglamentos - GAD parroquial Chugchil\u00e1n","isPartOf":{"@id":"https:\/\/chugchilan.gob.ec\/cotopaxi\/#website"},"datePublished":"2015-12-17T14:17:33+00:00","dateModified":"2026-02-04T15:33:39+00:00","breadcrumb":{"@id":"https:\/\/chugchilan.gob.ec\/cotopaxi\/reglamentos\/#breadcrumb"},"inLanguage":"es","potentialAction":[{"@type":"ReadAction","target":["https:\/\/chugchilan.gob.ec\/cotopaxi\/reglamentos\/"]}]},{"@type":"BreadcrumbList","@id":"https:\/\/chugchilan.gob.ec\/cotopaxi\/reglamentos\/#breadcrumb","itemListElement":[{"@type":"ListItem","position":1,"name":"Home","item":"https:\/\/chugchilan.gob.ec\/cotopaxi\/"},{"@type":"ListItem","position":2,"name":"Reglamentos"}]},{"@type":"WebSite","@id":"https:\/\/chugchilan.gob.ec\/cotopaxi\/#website","url":"https:\/\/chugchilan.gob.ec\/cotopaxi\/","name":"GAD Parroquial de Chugchil\u00e1n","description":"Sitio Oficial del GAD Parroquial de Chugchil\u00e1n Cotopaxi","publisher":{"@id":"https:\/\/chugchilan.gob.ec\/cotopaxi\/#organization"},"potentialAction":[{"@type":"SearchAction","target":{"@type":"EntryPoint","urlTemplate":"https:\/\/chugchilan.gob.ec\/cotopaxi\/?s={search_term_string}"},"query-input":{"@type":"PropertyValueSpecification","valueRequired":true,"valueName":"search_term_string"}}],"inLanguage":"es"},{"@type":"Organization","@id":"https:\/\/chugchilan.gob.ec\/cotopaxi\/#organization","name":"GAD Parroquial de Chugchil\u00e1n","url":"https:\/\/chugchilan.gob.ec\/cotopaxi\/","logo":{"@type":"ImageObject","inLanguage":"es","@id":"https:\/\/chugchilan.gob.ec\/cotopaxi\/#\/schema\/logo\/image\/","url":"https:\/\/chugchilan.gob.ec\/cotopaxi\/wp-content\/uploads\/2020\/06\/logoFooter.png","contentUrl":"https:\/\/chugchilan.gob.ec\/cotopaxi\/wp-content\/uploads\/2020\/06\/logoFooter.png","width":160,"height":156,"caption":"GAD Parroquial de Chugchil\u00e1n"},"image":{"@id":"https:\/\/chugchilan.gob.ec\/cotopaxi\/#\/schema\/logo\/image\/"}}]}},"_links":{"self":[{"href":"https:\/\/chugchilan.gob.ec\/cotopaxi\/wp-json\/wp\/v2\/pages\/288","targetHints":{"allow":["GET"]}}],"collection":[{"href":"https:\/\/chugchilan.gob.ec\/cotopaxi\/wp-json\/wp\/v2\/pages"}],"about":[{"href":"https:\/\/chugchilan.gob.ec\/cotopaxi\/wp-json\/wp\/v2\/types\/page"}],"author":[{"embeddable":true,"href":"https:\/\/chugchilan.gob.ec\/cotopaxi\/wp-json\/wp\/v2\/users\/2"}],"replies":[{"embeddable":true,"href":"https:\/\/chugchilan.gob.ec\/cotopaxi\/wp-json\/wp\/v2\/comments?post=288"}],"version-history":[{"count":5,"href":"https:\/\/chugchilan.gob.ec\/cotopaxi\/wp-json\/wp\/v2\/pages\/288\/revisions"}],"predecessor-version":[{"id":2465,"href":"https:\/\/chugchilan.gob.ec\/cotopaxi\/wp-json\/wp\/v2\/pages\/288\/revisions\/2465"}],"wp:attachment":[{"href":"https:\/\/chugchilan.gob.ec\/cotopaxi\/wp-json\/wp\/v2\/media?parent=288"}],"curies":[{"name":"wp","href":"https:\/\/api.w.org\/{rel}","templated":true}]}}