{"id":946,"date":"2022-03-22T09:45:23","date_gmt":"2022-03-22T13:45:23","guid":{"rendered":"https:\/\/chugchilan.gob.ec\/cotopaxi\/?page_id=946"},"modified":"2023-05-06T11:21:51","modified_gmt":"2023-05-06T15:21:51","slug":"rendicion-de-cuentas-2022","status":"publish","type":"page","link":"https:\/\/chugchilan.gob.ec\/cotopaxi\/rendicion-de-cuentas-2022\/","title":{"rendered":"Rendici\u00f3n de Cuentas 2022"},"content":{"rendered":"<p>RESOLUCI\u00d3N CONCEJO DE PARTICIPACI\u00d3N CIUDADANA<\/p>\n<p><a href=\"https:\/\/chugchilan.gob.ec\/cotopaxi\/wp-content\/uploads\/2023\/05\/RESOLUCION-No.-CPCCS-PLE-SG-069-2021-476.pdf\">RESOLUCION-No.-CPCCS-PLE-SG-069-2021-476<\/a><\/p>\n<p>REFORMA A LA RESOLUCI\u00d3N DE PARTICIPACI\u00d3N CIUDANANA<\/p>\n<p><a href=\"https:\/\/chugchilan.gob.ec\/cotopaxi\/wp-content\/uploads\/2023\/05\/CPCCS-PLE-SG-010-E-2023-0054_compressed-2-1.pdf\">CPCCS-PLE-SG-010-E-2023-0054_compressed-2-1<\/a><\/p>\n<p style=\"text-align: center;\"><span style=\"color: #00ffff;\"><strong>FASE 1\u00a0<\/strong><\/span><\/p>\n<p style=\"text-align: left;\">DESIGNACI\u00d3N COMISI\u00d3N PARA EL PROCESO DE RENDICIOCION DE CUENTAS A\u00d1O FISCAL 2022<\/p>\n<p><a href=\"https:\/\/chugchilan.gob.ec\/cotopaxi\/wp-content\/uploads\/2023\/05\/resolucion-designacion-de-comision.pdf\">resoluci\u00f3n designaci\u00f3n de comisi\u00f3n<\/a><\/p>\n<p>ENTREGA DE MATRICES POR PARTE DEL GADPR-CH PARA EL REPRESENTANTE DE LA CIUDADANIA.<\/p>\n<p><a href=\"https:\/\/chugchilan.gob.ec\/cotopaxi\/wp-content\/uploads\/2023\/05\/Entrega-de-matrices-a-la-ciudadania.pdf\">Entrega de matrices a la ciudadan\u00eda<\/a><\/p>\n<p>ENTREGA DE PRESUPUESTO, PAC, POA, REFORMA DEL PRESUPUESTO N\u00b01, 2 y 3 CON SU RESPECTIVO PAC y POA, PLAN DE GOBIERNO DEL SR. TELMO PATANGO\u00a0 PRESIDENTE DEL GADPR-CH PROGRAMAS Y PROYECTO DEL PDyOT.<\/p>\n<p><a href=\"https:\/\/chugchilan.gob.ec\/cotopaxi\/wp-content\/uploads\/2023\/05\/Entrega-de-documentos-a-la-ciudadania..pdf\">Entrega de documentos a la ciudadan\u00eda.<\/a><\/p>\n<p>ENTREGA DE TEMAS DE LA CIUDADAN\u00cdA AL GADPR-CH<\/p>\n<p><a href=\"https:\/\/chugchilan.gob.ec\/cotopaxi\/wp-content\/uploads\/2023\/05\/Entrega-de-temas-de-la-ciudadania-para-el-GADPR-CH.pdf\">Entrega de temas de la ciudadan\u00eda para el GADPR-CH<\/a><\/p>\n<p style=\"text-align: center;\"><span style=\"color: #33cccc;\"><strong>FASE 2<\/strong><\/span><\/p>\n<p>ENTREGA DEL INFORME PREL\u00cdMINAR DE RENDICION DE CUENTAS DEL GADPR-CHUGCHILAN A LA REPRESENTANTE DE LA CIUDADANIA.<\/p>\n<p>EVALUACI\u00d3N CIUDADANA AL INFORME DE RENDICI\u00d3N DE CUENTAS.<\/p>\n<p style=\"text-align: center;\"><span style=\"color: #33cccc;\"><strong>FASE 3\u00a0<\/strong><\/span><\/p>\n<p>CONVOCATORIA A LA DELIBERACI\u00d3N P\u00daBLICA DEL INFORME DE RENDICI\u00d3N DE CUENTAS DEL GADPR-CHUGCHILAN A\u00d1O FISCAL 2022.<\/p>\n<p><img loading=\"lazy\" decoding=\"async\" class=\" wp-image-1773 aligncenter\" src=\"https:\/\/chugchilan.gob.ec\/cotopaxi\/wp-content\/uploads\/2023\/05\/ef8255ee-02c8-4714-8bb6-d86f7141d24a-550x390.jpg\" alt=\"\" width=\"508\" height=\"360\" srcset=\"https:\/\/chugchilan.gob.ec\/cotopaxi\/wp-content\/uploads\/2023\/05\/ef8255ee-02c8-4714-8bb6-d86f7141d24a-550x390.jpg 550w, https:\/\/chugchilan.gob.ec\/cotopaxi\/wp-content\/uploads\/2023\/05\/ef8255ee-02c8-4714-8bb6-d86f7141d24a-768x545.jpg 768w, https:\/\/chugchilan.gob.ec\/cotopaxi\/wp-content\/uploads\/2023\/05\/ef8255ee-02c8-4714-8bb6-d86f7141d24a.jpg 1600w\" sizes=\"auto, (max-width: 508px) 100vw, 508px\" \/><\/p>\n<p>&nbsp;<\/p>\n<p>&nbsp;<\/p>\n<p>&nbsp;<\/p>\n<p>&nbsp;<\/p>\n<p style=\"text-align: center;\"><!--more--><\/p>\n","protected":false},"excerpt":{"rendered":"<p>RESOLUCI\u00d3N CONCEJO DE PARTICIPACI\u00d3N CIUDADANA RESOLUCION-No.-CPCCS-PLE-SG-069-2021-476 REFORMA A LA RESOLUCI\u00d3N DE PARTICIPACI\u00d3N CIUDANANA CPCCS-PLE-SG-010-E-2023-0054_compressed-2-1 FASE 1\u00a0 DESIGNACI\u00d3N COMISI\u00d3N PARA EL PROCESO DE RENDICIOCION DE CUENTAS A\u00d1O FISCAL 2022 resoluci\u00f3n designaci\u00f3n de comisi\u00f3n ENTREGA DE MATRICES POR PARTE DEL GADPR-CH PARA EL REPRESENTANTE DE LA CIUDADANIA. Entrega de matrices a la ciudadan\u00eda ENTREGA DE PRESUPUESTO, PAC, [&hellip;]<\/p>\n","protected":false},"author":2,"featured_media":0,"parent":0,"menu_order":0,"comment_status":"closed","ping_status":"closed","template":"","meta":{"footnotes":""},"class_list":["post-946","page","type-page","status-publish","hentry"],"yoast_head":"<!-- This site is optimized with the Yoast SEO plugin v24.2 - https:\/\/yoast.com\/wordpress\/plugins\/seo\/ -->\n<title>Rendici\u00f3n de Cuentas 2022 - GAD parroquial Chugchil\u00e1n<\/title>\n<meta name=\"robots\" content=\"index, follow, max-snippet:-1, max-image-preview:large, max-video-preview:-1\" \/>\n<link rel=\"canonical\" href=\"https:\/\/chugchilan.gob.ec\/cotopaxi\/rendicion-de-cuentas-2022\/\" \/>\n<meta property=\"og:locale\" content=\"es_ES\" \/>\n<meta property=\"og:type\" content=\"article\" \/>\n<meta property=\"og:title\" content=\"Rendici\u00f3n de Cuentas 2022 - GAD parroquial Chugchil\u00e1n\" \/>\n<meta property=\"og:description\" content=\"RESOLUCI\u00d3N CONCEJO DE PARTICIPACI\u00d3N CIUDADANA RESOLUCION-No.-CPCCS-PLE-SG-069-2021-476 REFORMA A LA RESOLUCI\u00d3N DE PARTICIPACI\u00d3N CIUDANANA CPCCS-PLE-SG-010-E-2023-0054_compressed-2-1 FASE 1\u00a0 DESIGNACI\u00d3N COMISI\u00d3N PARA EL PROCESO DE RENDICIOCION DE CUENTAS A\u00d1O FISCAL 2022 resoluci\u00f3n designaci\u00f3n de comisi\u00f3n ENTREGA DE MATRICES POR PARTE DEL GADPR-CH PARA EL REPRESENTANTE DE LA CIUDADANIA. Entrega de matrices a la ciudadan\u00eda ENTREGA DE PRESUPUESTO, PAC, [&hellip;]\" \/>\n<meta property=\"og:url\" content=\"https:\/\/chugchilan.gob.ec\/cotopaxi\/rendicion-de-cuentas-2022\/\" \/>\n<meta property=\"og:site_name\" content=\"GAD parroquial Chugchil\u00e1n\" \/>\n<meta property=\"article:modified_time\" content=\"2023-05-06T15:21:51+00:00\" \/>\n<meta property=\"og:image\" content=\"https:\/\/chugchilan.gob.ec\/cotopaxi\/wp-content\/uploads\/2023\/05\/ef8255ee-02c8-4714-8bb6-d86f7141d24a-550x390.jpg\" \/>\n<meta name=\"twitter:card\" content=\"summary_large_image\" \/>\n<meta name=\"twitter:label1\" content=\"Tiempo de lectura\" \/>\n\t<meta name=\"twitter:data1\" content=\"1 minuto\" \/>\n<script type=\"application\/ld+json\" class=\"yoast-schema-graph\">{\"@context\":\"https:\/\/schema.org\",\"@graph\":[{\"@type\":\"WebPage\",\"@id\":\"https:\/\/chugchilan.gob.ec\/cotopaxi\/rendicion-de-cuentas-2022\/\",\"url\":\"https:\/\/chugchilan.gob.ec\/cotopaxi\/rendicion-de-cuentas-2022\/\",\"name\":\"Rendici\u00f3n de Cuentas 2022 - GAD parroquial Chugchil\u00e1n\",\"isPartOf\":{\"@id\":\"https:\/\/chugchilan.gob.ec\/cotopaxi\/#website\"},\"primaryImageOfPage\":{\"@id\":\"https:\/\/chugchilan.gob.ec\/cotopaxi\/rendicion-de-cuentas-2022\/#primaryimage\"},\"image\":{\"@id\":\"https:\/\/chugchilan.gob.ec\/cotopaxi\/rendicion-de-cuentas-2022\/#primaryimage\"},\"thumbnailUrl\":\"https:\/\/chugchilan.gob.ec\/cotopaxi\/wp-content\/uploads\/2023\/05\/ef8255ee-02c8-4714-8bb6-d86f7141d24a-550x390.jpg\",\"datePublished\":\"2022-03-22T13:45:23+00:00\",\"dateModified\":\"2023-05-06T15:21:51+00:00\",\"breadcrumb\":{\"@id\":\"https:\/\/chugchilan.gob.ec\/cotopaxi\/rendicion-de-cuentas-2022\/#breadcrumb\"},\"inLanguage\":\"es\",\"potentialAction\":[{\"@type\":\"ReadAction\",\"target\":[\"https:\/\/chugchilan.gob.ec\/cotopaxi\/rendicion-de-cuentas-2022\/\"]}]},{\"@type\":\"ImageObject\",\"inLanguage\":\"es\",\"@id\":\"https:\/\/chugchilan.gob.ec\/cotopaxi\/rendicion-de-cuentas-2022\/#primaryimage\",\"url\":\"https:\/\/chugchilan.gob.ec\/cotopaxi\/wp-content\/uploads\/2023\/05\/ef8255ee-02c8-4714-8bb6-d86f7141d24a.jpg\",\"contentUrl\":\"https:\/\/chugchilan.gob.ec\/cotopaxi\/wp-content\/uploads\/2023\/05\/ef8255ee-02c8-4714-8bb6-d86f7141d24a.jpg\",\"width\":1600,\"height\":1135},{\"@type\":\"BreadcrumbList\",\"@id\":\"https:\/\/chugchilan.gob.ec\/cotopaxi\/rendicion-de-cuentas-2022\/#breadcrumb\",\"itemListElement\":[{\"@type\":\"ListItem\",\"position\":1,\"name\":\"Home\",\"item\":\"https:\/\/chugchilan.gob.ec\/cotopaxi\/\"},{\"@type\":\"ListItem\",\"position\":2,\"name\":\"Rendici\u00f3n de Cuentas 2022\"}]},{\"@type\":\"WebSite\",\"@id\":\"https:\/\/chugchilan.gob.ec\/cotopaxi\/#website\",\"url\":\"https:\/\/chugchilan.gob.ec\/cotopaxi\/\",\"name\":\"GAD Parroquial de Chugchil\u00e1n\",\"description\":\"Sitio Oficial del GAD Parroquial de Chugchil\u00e1n Cotopaxi\",\"publisher\":{\"@id\":\"https:\/\/chugchilan.gob.ec\/cotopaxi\/#organization\"},\"potentialAction\":[{\"@type\":\"SearchAction\",\"target\":{\"@type\":\"EntryPoint\",\"urlTemplate\":\"https:\/\/chugchilan.gob.ec\/cotopaxi\/?s={search_term_string}\"},\"query-input\":{\"@type\":\"PropertyValueSpecification\",\"valueRequired\":true,\"valueName\":\"search_term_string\"}}],\"inLanguage\":\"es\"},{\"@type\":\"Organization\",\"@id\":\"https:\/\/chugchilan.gob.ec\/cotopaxi\/#organization\",\"name\":\"GAD Parroquial de Chugchil\u00e1n\",\"url\":\"https:\/\/chugchilan.gob.ec\/cotopaxi\/\",\"logo\":{\"@type\":\"ImageObject\",\"inLanguage\":\"es\",\"@id\":\"https:\/\/chugchilan.gob.ec\/cotopaxi\/#\/schema\/logo\/image\/\",\"url\":\"https:\/\/chugchilan.gob.ec\/cotopaxi\/wp-content\/uploads\/2020\/06\/logoFooter.png\",\"contentUrl\":\"https:\/\/chugchilan.gob.ec\/cotopaxi\/wp-content\/uploads\/2020\/06\/logoFooter.png\",\"width\":160,\"height\":156,\"caption\":\"GAD Parroquial de Chugchil\u00e1n\"},\"image\":{\"@id\":\"https:\/\/chugchilan.gob.ec\/cotopaxi\/#\/schema\/logo\/image\/\"}}]}<\/script>\n<!-- \/ Yoast SEO plugin. -->","yoast_head_json":{"title":"Rendici\u00f3n de Cuentas 2022 - GAD parroquial Chugchil\u00e1n","robots":{"index":"index","follow":"follow","max-snippet":"max-snippet:-1","max-image-preview":"max-image-preview:large","max-video-preview":"max-video-preview:-1"},"canonical":"https:\/\/chugchilan.gob.ec\/cotopaxi\/rendicion-de-cuentas-2022\/","og_locale":"es_ES","og_type":"article","og_title":"Rendici\u00f3n de Cuentas 2022 - GAD parroquial Chugchil\u00e1n","og_description":"RESOLUCI\u00d3N CONCEJO DE PARTICIPACI\u00d3N CIUDADANA RESOLUCION-No.-CPCCS-PLE-SG-069-2021-476 REFORMA A LA RESOLUCI\u00d3N DE PARTICIPACI\u00d3N CIUDANANA CPCCS-PLE-SG-010-E-2023-0054_compressed-2-1 FASE 1\u00a0 DESIGNACI\u00d3N COMISI\u00d3N PARA EL PROCESO DE RENDICIOCION DE CUENTAS A\u00d1O FISCAL 2022 resoluci\u00f3n designaci\u00f3n de comisi\u00f3n ENTREGA DE MATRICES POR PARTE DEL GADPR-CH PARA EL REPRESENTANTE DE LA CIUDADANIA. Entrega de matrices a la ciudadan\u00eda ENTREGA DE PRESUPUESTO, PAC, [&hellip;]","og_url":"https:\/\/chugchilan.gob.ec\/cotopaxi\/rendicion-de-cuentas-2022\/","og_site_name":"GAD parroquial Chugchil\u00e1n","article_modified_time":"2023-05-06T15:21:51+00:00","og_image":[{"url":"https:\/\/chugchilan.gob.ec\/cotopaxi\/wp-content\/uploads\/2023\/05\/ef8255ee-02c8-4714-8bb6-d86f7141d24a-550x390.jpg","type":"","width":"","height":""}],"twitter_card":"summary_large_image","twitter_misc":{"Tiempo de lectura":"1 minuto"},"schema":{"@context":"https:\/\/schema.org","@graph":[{"@type":"WebPage","@id":"https:\/\/chugchilan.gob.ec\/cotopaxi\/rendicion-de-cuentas-2022\/","url":"https:\/\/chugchilan.gob.ec\/cotopaxi\/rendicion-de-cuentas-2022\/","name":"Rendici\u00f3n de Cuentas 2022 - GAD parroquial Chugchil\u00e1n","isPartOf":{"@id":"https:\/\/chugchilan.gob.ec\/cotopaxi\/#website"},"primaryImageOfPage":{"@id":"https:\/\/chugchilan.gob.ec\/cotopaxi\/rendicion-de-cuentas-2022\/#primaryimage"},"image":{"@id":"https:\/\/chugchilan.gob.ec\/cotopaxi\/rendicion-de-cuentas-2022\/#primaryimage"},"thumbnailUrl":"https:\/\/chugchilan.gob.ec\/cotopaxi\/wp-content\/uploads\/2023\/05\/ef8255ee-02c8-4714-8bb6-d86f7141d24a-550x390.jpg","datePublished":"2022-03-22T13:45:23+00:00","dateModified":"2023-05-06T15:21:51+00:00","breadcrumb":{"@id":"https:\/\/chugchilan.gob.ec\/cotopaxi\/rendicion-de-cuentas-2022\/#breadcrumb"},"inLanguage":"es","potentialAction":[{"@type":"ReadAction","target":["https:\/\/chugchilan.gob.ec\/cotopaxi\/rendicion-de-cuentas-2022\/"]}]},{"@type":"ImageObject","inLanguage":"es","@id":"https:\/\/chugchilan.gob.ec\/cotopaxi\/rendicion-de-cuentas-2022\/#primaryimage","url":"https:\/\/chugchilan.gob.ec\/cotopaxi\/wp-content\/uploads\/2023\/05\/ef8255ee-02c8-4714-8bb6-d86f7141d24a.jpg","contentUrl":"https:\/\/chugchilan.gob.ec\/cotopaxi\/wp-content\/uploads\/2023\/05\/ef8255ee-02c8-4714-8bb6-d86f7141d24a.jpg","width":1600,"height":1135},{"@type":"BreadcrumbList","@id":"https:\/\/chugchilan.gob.ec\/cotopaxi\/rendicion-de-cuentas-2022\/#breadcrumb","itemListElement":[{"@type":"ListItem","position":1,"name":"Home","item":"https:\/\/chugchilan.gob.ec\/cotopaxi\/"},{"@type":"ListItem","position":2,"name":"Rendici\u00f3n de Cuentas 2022"}]},{"@type":"WebSite","@id":"https:\/\/chugchilan.gob.ec\/cotopaxi\/#website","url":"https:\/\/chugchilan.gob.ec\/cotopaxi\/","name":"GAD Parroquial de Chugchil\u00e1n","description":"Sitio Oficial del GAD Parroquial de Chugchil\u00e1n Cotopaxi","publisher":{"@id":"https:\/\/chugchilan.gob.ec\/cotopaxi\/#organization"},"potentialAction":[{"@type":"SearchAction","target":{"@type":"EntryPoint","urlTemplate":"https:\/\/chugchilan.gob.ec\/cotopaxi\/?s={search_term_string}"},"query-input":{"@type":"PropertyValueSpecification","valueRequired":true,"valueName":"search_term_string"}}],"inLanguage":"es"},{"@type":"Organization","@id":"https:\/\/chugchilan.gob.ec\/cotopaxi\/#organization","name":"GAD Parroquial de Chugchil\u00e1n","url":"https:\/\/chugchilan.gob.ec\/cotopaxi\/","logo":{"@type":"ImageObject","inLanguage":"es","@id":"https:\/\/chugchilan.gob.ec\/cotopaxi\/#\/schema\/logo\/image\/","url":"https:\/\/chugchilan.gob.ec\/cotopaxi\/wp-content\/uploads\/2020\/06\/logoFooter.png","contentUrl":"https:\/\/chugchilan.gob.ec\/cotopaxi\/wp-content\/uploads\/2020\/06\/logoFooter.png","width":160,"height":156,"caption":"GAD Parroquial de Chugchil\u00e1n"},"image":{"@id":"https:\/\/chugchilan.gob.ec\/cotopaxi\/#\/schema\/logo\/image\/"}}]}},"_links":{"self":[{"href":"https:\/\/chugchilan.gob.ec\/cotopaxi\/wp-json\/wp\/v2\/pages\/946","targetHints":{"allow":["GET"]}}],"collection":[{"href":"https:\/\/chugchilan.gob.ec\/cotopaxi\/wp-json\/wp\/v2\/pages"}],"about":[{"href":"https:\/\/chugchilan.gob.ec\/cotopaxi\/wp-json\/wp\/v2\/types\/page"}],"author":[{"embeddable":true,"href":"https:\/\/chugchilan.gob.ec\/cotopaxi\/wp-json\/wp\/v2\/users\/2"}],"replies":[{"embeddable":true,"href":"https:\/\/chugchilan.gob.ec\/cotopaxi\/wp-json\/wp\/v2\/comments?post=946"}],"version-history":[{"count":13,"href":"https:\/\/chugchilan.gob.ec\/cotopaxi\/wp-json\/wp\/v2\/pages\/946\/revisions"}],"predecessor-version":[{"id":1776,"href":"https:\/\/chugchilan.gob.ec\/cotopaxi\/wp-json\/wp\/v2\/pages\/946\/revisions\/1776"}],"wp:attachment":[{"href":"https:\/\/chugchilan.gob.ec\/cotopaxi\/wp-json\/wp\/v2\/media?parent=946"}],"curies":[{"name":"wp","href":"https:\/\/api.w.org\/{rel}","templated":true}]}}